Let z(w) = -44*w + 1. Let a(m) = -4*t(m) - z(m). What is the tens digit of a(3)?
1
Let v = 13 - 8. Suppose 0 = -5*k - 3*w + 14, 0 = -v*k - 0*w - 4*w + 12. Suppose -b + k*b = 57. What is the tens digit of b?
1
Suppose 11*r - 14663 = -0*r. What is the units digit of r?
3
Suppose 8*v = 5*v. Let q(u) = v*u - 2 + 4 - u**2 - 3*u. What is the units digit of q(-3)?
2
Suppose -4*c + 3412 = 4*v, -c + 152 = -2*v - 686. What is the tens digit of c?
4
Let l(r) = r**2 + 2*r + 10. Let v(j) = 2*j**3 - 4*j**2 + 2*j. Let t be v(2). What is the tens digit of l(t)?
3
Suppose 36*f - 13*f - 27209 = 0. What is the thousands digit of f?
1
Suppose 2*r = 2*s + 3072, 1530 = r + 11*s - 6*s. What is the thousands digit of r?
1
Let p be -3 + 4 - (3 + -7). Suppose -16 - 423 = -5*j + 4*g, p*g = -4*j + 384. What is the units digit of j?
1
Suppose 2*q = 3*y + 469, -300 = 2*y - 0*q + 5*q. Let l = -96 - y. Suppose -13 - l = -3*x. What is the units digit of x?
4
Suppose 4*w - 2*q = 12, 3*w + 0*q = -q - 1. Let y = w - -12. Suppose 4*h - 197 = -y. What is the units digit of h?
6
Let t(o) = -31*o - 78. What is the hundreds digit of t(-13)?
3
Suppose -167 = 5*u - 67. Suppose h + 2*q - q = -1, 11 = -5*h - 2*q. What is the units digit of (h + 0)*u/3?
0
Let s(u) = 7*u**2 - 4*u - 29. Let t be s(7). Suppose -280 = -j - 4*f, j - t = -2*f + f. What is the tens digit of j?
8
Let z(m) = 2*m**2 + 2*m - 40. What is the units digit of z(-10)?
0
Let i(a) = a - 1. Let h(t) = 15*t - 18. Let f(z) = 6*h(z) - 102*i(z). What is the tens digit of f(-10)?
1
Let n = -2092 + 2555. What is the hundreds digit of n?
4
Suppose h + 3*a = -0*h + 12, h - 4*a = 26. Suppose 0*z - 5 = z. Let w = z + h. What is the units digit of w?
3
Let u = 53 - 55. Let n(y) = -10*y**3 - 3*y**2 + 2*y + 1. What is the units digit of n(u)?
5
Suppose 3*m - 2*w = 2450, -4102 = -5*m + 2*w - 8*w. What is the hundreds digit of m?
8
Let t be 4/(-10)*(100 + -5). Suppose -i = 3*i + 108. Let k = i - t. What is the tens digit of k?
1
Let j(g) = 25*g - 20. Suppose 3*s - 4*s + n + 6 = 0, 0 = -s - 3*n + 2. What is the hundreds digit of j(s)?
1
Let q = 4 - 2. Suppose q*l - 10 = 2*g, 2*l + 12 = -4*g - 2*l. What is the units digit of 2/(-8) + (-21)/g?
5
Let u(t) = -t**3 + t + 1. Let p be u(-1). Let j be (2/6)/(p/21). Suppose -2*g + 15 = -j. What is the tens digit of g?
1
Let v(h) = h**2 - 3*h - 3. Let p(n) = -n**2 + 4*n + 4. Let i(s) = 5*p(s) + 7*v(s). Let z be i(-1). Suppose t = -z*t + 39. What is the units digit of t?
3
Let n(l) = -l**3 + 2*l**2 - l + 2. Let s be n(2). Suppose s = 4*x - 3*x - 50. Let v = x - 29. What is the tens digit of v?
2
What is the thousands digit of 3 + (-50)/18 - 111012/(-54)?
2
Suppose -16*i = -194 - 2526. What is the hundreds digit of i?
1
Let b(g) = 5*g**3 + 2*g**2 - 5*g + 6. Suppose -4*u + 22 = -2*v, -12 = -0*u + u + 3*v. What is the hundreds digit of b(u)?
1
Suppose 0 = 8*z + 4*z - 2352. Suppose 15*b - 8*b = z. What is the units digit of b?
8
Let g be (2 + -734)/(6 + 90/(-12)). Suppose g = -b + 3*b - x, -3*b - x = -742. What is the units digit of b?
6
Let n(k) = -k**3 - 7*k**2 - 7*k - 2. Let p be n(-5). Let d = 110 + p. What is the tens digit of d?
9
What is the tens digit of 12/(-54)*1 - (-6513)/27?
4
Suppose w = 287 + 264. What is the hundreds digit of w?
5
Let a be 134/10 + (-18)/45. Suppose -u + a + 5 = 2*w, u - 3*w - 8 = 0. What is the tens digit of u?
1
Suppose 0 = 4*q + u - 1267 - 474, -q + 427 = 3*u. What is the units digit of q?
6
Suppose -1651 = -6*n + n - 3*o, 0 = n + 5*o - 317. What is the units digit of n?
2
Let y = -13 - -17. Suppose -l = -5*m + 410, 6*m - 2*m = y*l + 312. What is the units digit of m?
3
What is the hundreds digit of ((-2)/(-5) - 102/30)*-149?
4
Let p = 97 - 58. Suppose -p*y = -40*y + 90. What is the tens digit of y?
9
Suppose 0 = -3*g + 3*u - 4221 + 573, u + 5 = 0. What is the tens digit of (1 - 3) + g/(-11)?
0
Suppose -5*n - 7 + 27 = 0. Suppose -4*f = -4*l + 108, 5*l + n*f - 41 = 121. What is the tens digit of l?
3
Let f(t) be the second derivative of -3*t**5/20 - 5*t**4/4 + 2*t**3/3 + 9*t**2/2 + 2*t - 4. What is the hundreds digit of f(-7)?
2
Let n = 105 - -1389. What is the units digit of n?
4
Let k(r) = -20*r + 1. Let d(j) = j + 24. Let q be d(-11). Let o = 12 - q. What is the units digit of k(o)?
1
Suppose 2*o - 8 = 2. Let j(s) = 3*s + 6. Let d(v) = 1. Let h(g) = o*d(g) - j(g). What is the units digit of h(-5)?
4
Suppose 2 = v - 0. Suppose -v*m + 5 = 1. Suppose 0*l + l = -5*g + 6, -4*l + m*g + 134 = 0. What is the units digit of l?
1
Let v(q) = 2*q**2 - 27*q - 13. Let o(k) = k**2 - 13*k - 6. Let h(y) = -13*o(y) + 6*v(y). Suppose -27*c + 32*c - 25 = 0. What is the tens digit of h(c)?
1
Let f(h) = -h**3 + 47*h**2 - 12*h - 109. What is the units digit of f(46)?
5
Let w(j) = j**3 + 26*j**2 + 19*j + 31. What is the tens digit of w(-24)?
2
Suppose 7*h - 35 = 546. Suppose -u - 3*i = -3*u + 161, i = u - h. What is the tens digit of u?
8
Let m(z) = 4*z**3 - 11*z**2 + 2*z. Let f(n) = -3*n**3 + 11*n**2 - n + 1. Let i(c) = 3*f(c) + 2*m(c). What is the units digit of i(10)?
3
Let n(l) = l**3 + 4*l**2 - 2*l - 5. Let g = -39 + 63. Suppose -5*b - 20 = 5*x + 15, -4*b - g = 3*x. What is the units digit of n(x)?
3
Suppose 4*j + 7 = 3*y, 2 + 12 = -2*y - 2*j. Let k be y/5 - (-74)/(-10). Let m = 1 - k. What is the units digit of m?
9
Let c(h) = 28*h**2. Let x = 19 + -15. Suppose 5 = 4*p - x*j - 3, -10 = -2*p + 4*j. What is the units digit of c(p)?
8
Let y = 15 + -24. What is the units digit of 1 - y/((-18)/(-4))?
3
Suppose -108 + 364 = d - 3*v, -3*v = -12. Let z = -4 + d. What is the tens digit of (z/20)/(4/10)?
3
Let d be (-1 + -2)*14/(-2)*-1. Let b = d + 104. What is the tens digit of b?
8
Let s be -16*4/(-16)*2. Let j be (s/6)/((-8)/(-12)). Let l(b) = 3*b**3 - 2*b**2 + 3*b. What is the tens digit of l(j)?
2
Suppose 5*w = -12*w + 5627. What is the units digit of w?
1
Let g be (12/10)/(6/100). What is the units digit of (g + 2)/(6/12)?
4
Suppose -12*x + 3796 = -392. What is the tens digit of x?
4
Suppose 0 = v - 5*v + 252. Suppose m + 3*u - v = 0, 0*m - m + 66 = 2*u. What is the units digit of m?
2
Suppose 3*i - 14 - 7 = 3*q, -3*i - 3*q - 9 = 0. What is the units digit of i/4 + ((-7924)/(-8))/7?
2
Let d(t) = -t**3 - 13*t**2 + 46*t + 35. What is the units digit of d(-17)?
9
Suppose 0 = -r - r + 6. Suppose 0*f = 5*u + r*f - 24, 12 = 3*u + f. Suppose -4*k + 104 = 4*j - 0*j, u*j = -2*k + 48. What is the units digit of k?
0
Suppose 0 = 2*d - 3*y + 12, 20 = -3*d + 8*y - 4*y. Let b(n) be the third derivative of n**5/60 + n**4/4 - 5*n**3/3 - 3*n**2. What is the units digit of b(d)?
2
Let x(v) = 25*v**2 - 54*v + 8. What is the tens digit of x(13)?
3
Let w = -118 + 66. Let g = w + 79. Suppose 3*j = g + 9. What is the tens digit of j?
1
Suppose -918 = -4*y + 2458. What is the tens digit of y?
4
Let g(n) = n**2 - n - 1. Let s be g(2). Let a be (-2 + s)/(1/(-52)). Let r = a - 28. What is the units digit of r?
4
Suppose 413 = 3*p + 2*a - a, p = 2*a + 147. What is the tens digit of p?
3
Let d(o) = -101*o - 2. Let y be d(-1). Let j = y + -68. Suppose q = 3*n - 8 - 24, 4*n + q = j. What is the units digit of n?
9
Let v(p) = 2*p**3 - 2*p**2 - 6*p + 9. Let g be v(2). Suppose g*h - 4*y = 42 + 65, -4*h - 3*y + 67 = 0. What is the units digit of h?
9
Let n = -273 + 442. Let w = n - 65. What is the tens digit of w?
0
Let g = 66 + -72. Let a(k) = -2*k**3 - 10*k**2 - 8*k - 5. What is the tens digit of a(g)?
1
Let r(h) = -h**2 + 10*h - 13. Let f be r(8). Suppose 2*l = f*k - 293, 4*l = 2*k - 270 + 80. What is the units digit of k?
9
Suppose 0*o + 20 = -5*o, 3*w - 2*o - 17 = 0. Suppose -d + 4 = 4*k + 12, -4*d + 25 = -w*k. Suppose -d*v + 75 = -v. What is the tens digit of v?
2
Let y = -99 - -105. Let b(z) = 22*z + 8. What is the hundreds digit of b(y)?
1
Let g(b) = -2*b + 11. Let j be g(6). Let h be j - 40 - -1 - 0. What is the tens digit of ((-360)/(-25))/((-12)/h)?
4
Let x(u) be the second derivative of -u**4/24 + 2*u**3 - 4*u**2 + u. Let o(f) be the first derivative of x(f). What is the units digit of o(-11)?
3
Let q(b) = -b**3 - b**2 + b + 4. Let w be q(0). Let s = w - -5. Suppose -s = -3*p, 0*c + 2*p - 8 = -2*c. What is the units digit of c?
1
Suppose -1311 + 15 = 8*s. What is the hundreds digit of (0 - s) + 4 + 2 + -5?
